{"id":1543,"date":"2017-05-04T20:08:47","date_gmt":"2017-05-04T18:08:47","guid":{"rendered":"http:\/\/www.bildstoerung.tv\/blog\/?page_id=1543"},"modified":"2017-05-04T20:08:47","modified_gmt":"2017-05-04T18:08:47","slug":"die-weibchen-pressedownloads","status":"publish","type":"page","link":"https:\/\/www.bildstoerung.tv\/blog\/die-weibchen-pressedownloads\/","title":{"rendered":"Die Weibchen &#8211; Pressedownloads"},"content":{"rendered":"<p style=\"text-align: left;\">Zum Download der druckf\u00e4higen Dateien einfach mit der rechten Maustaste auf die Abbildungen klicken und im Men\u00fc den Punkt &#8222;Ziel speichern unter&#8230;&#8220; ausw\u00e4hlen.<\/p>\n<p style=\"text-align: left;\">Bitte beachten Sie die folgenden Copyrightlines:<br \/>\nPackshots: Bildst\u00f6rung<br \/>\nSzenenfotos:  <\/p>\n<hr \/>\n<p style=\"text-align: left;\">Artwork DIE WEIBCHEN: <\/p>\n<div class=\"su-row\">\n<div class=\"su-column su-column-size-1-2\"><div class=\"su-column-inner su-u-clearfix su-u-trim\">\n<a href=\"https:\/\/i0.wp.com\/www.bildstoerung.tv\/blog\/wp-content\/uploads\/2017\/05\/front_weibchen_dvd.jpg?ssl=1\"><img decoding=\"async\" src=\"https:\/\/i0.wp.com\/www.bildstoerung.tv\/blog\/wp-content\/uploads\/2017\/05\/front_weibchen_dvd.jpg?resize=270%2C376&#038;ssl=1\" alt=\"Packshot\" width=\"270\" height=\"376\" data-recalc-dims=\"1\" \/> <\/div><\/div>\n<div class=\"su-column su-column-size-2-2\"><div class=\"su-column-inner su-u-clearfix su-u-trim\">\n<\/div><\/div>\n<\/div><\/a><\/p>\n<hr \/>\n<div class=\"su-row\">\n<div class=\"su-column su-column-size-1-2\"><div class=\"su-column-inner su-u-clearfix su-u-trim\">\n<a href=\"https:\/\/i0.wp.com\/www.bildstoerung.tv\/blog\/wp-content\/uploads\/2017\/05\/cover_front_weibchen_dvd_rgb.jpg?ssl=1\"><img decoding=\"async\" src=\"https:\/\/i0.wp.com\/www.bildstoerung.tv\/blog\/wp-content\/uploads\/2017\/05\/cover_front_weibchen_dvd_rgb.jpg?resize=270%2C376&#038;ssl=1\" alt=\"Packshot DVD\" width=\"270\" height=\"376\" data-recalc-dims=\"1\" \/> <\/div><\/div>\n<div class=\"su-column su-column-size-2-2\"><div class=\"su-column-inner su-u-clearfix su-u-trim\">\n<a href=\"https:\/\/i0.wp.com\/www.bildstoerung.tv\/blog\/wp-content\/uploads\/2017\/05\/cover_front_weibchen_bd_rgb.jpg?ssl=1\"><img decoding=\"async\" src=\"https:\/\/i0.wp.com\/www.bildstoerung.tv\/blog\/wp-content\/uploads\/2017\/05\/cover_front_weibchen_bd_rgb.jpg?resize=270%2C376&#038;ssl=1\" alt=\"Packshot Blu-ray\" width=\"270\" height=\"376\" data-recalc-dims=\"1\" \/> <\/div><\/div>\n<\/div><\/a><\/p>\n<hr \/>\n<div class=\"su-row\">\n<div class=\"su-column su-column-size-1-2\"><div class=\"su-column-inner su-u-clearfix su-u-trim\">\n<a href=\"https:\/\/i0.wp.com\/www.bildstoerung.tv\/blog\/wp-content\/uploads\/2017\/05\/weibchen_3d_bd_dvd.jpg?ssl=1\"><img decoding=\"async\" src=\"https:\/\/i0.wp.com\/www.bildstoerung.tv\/blog\/wp-content\/uploads\/2017\/05\/weibchen_3d_bd_dvd.jpg?resize=263%2C376&#038;ssl=1\" alt=\"Packshot DVD\" width=\"263\" height=\"376\" data-recalc-dims=\"1\" \/> <\/div><\/div>\n<div class=\"su-column su-column-size-2-2\"><div class=\"su-column-inner su-u-clearfix su-u-trim\">\n<a href=\"https:\/\/i0.wp.com\/www.bildstoerung.tv\/blog\/wp-content\/uploads\/2017\/05\/weibchen_3d_bd_bd.jpg?ssl=1\"><img decoding=\"async\" src=\"https:\/\/i0.wp.com\/www.bildstoerung.tv\/blog\/wp-content\/uploads\/2017\/05\/weibchen_3d_bd_bd.jpg?resize=263%2C376&#038;ssl=1\" alt=\"Packshot Blu-ray\" width=\"263\" height=\"376\" data-recalc-dims=\"1\" \/> <\/div><\/div>\n<\/div><\/a><\/p>\n<hr \/>\n<p style=\"text-align: left;\">Regisseur Zbynek Brynych &#038; Uschi Glas: <\/p>\n<div class=\"su-row\">\n<div class=\"su-column su-column-size-1-2\"><div class=\"su-column-inner su-u-clearfix su-u-trim\">\n<a href=\"https:\/\/i0.wp.com\/www.bildstoerung.tv\/blog\/wp-content\/uploads\/2017\/05\/weibchen-pf-05.jpg?ssl=1\"><img decoding=\"async\" src=\"https:\/\/i0.wp.com\/www.bildstoerung.tv\/blog\/wp-content\/uploads\/2017\/05\/weibchen-pf-05.jpg?resize=263%2C202&#038;ssl=1\" alt=\"Pressefoto\" width=\"263\" height=\"202\" data-recalc-dims=\"1\" \/> <\/div><\/div>\n<div class=\"su-column su-column-size-2-2\"><div class=\"su-column-inner su-u-clearfix su-u-trim\">\n<a href=\"https:\/\/i0.wp.com\/www.bildstoerung.tv\/blog\/wp-content\/uploads\/2017\/05\/weibchen-pf-06.jpg?ssl=1\"><img decoding=\"async\" src=\"https:\/\/i0.wp.com\/www.bildstoerung.tv\/blog\/wp-content\/uploads\/2017\/05\/weibchen-pf-06.jpg?resize=153%2C202&#038;ssl=1\" alt=\"Pressefoto\" width=\"153\" height=\"202\" data-recalc-dims=\"1\" \/> <\/div><\/div>\n<\/div><\/a><\/p>\n<hr \/>\n<p style=\"text-align: left;\">Szenenfotos Die Weibchen: <\/p>\n<div class=\"su-row\">\n<div class=\"su-column su-column-size-1-2\"><div class=\"su-column-inner su-u-clearfix su-u-trim\">\n<a href=\"https:\/\/i0.wp.com\/www.bildstoerung.tv\/blog\/wp-content\/uploads\/2017\/05\/UschiGlas-01.jpg?ssl=1\"><img decoding=\"async\" src=\"https:\/\/i0.wp.com\/www.bildstoerung.tv\/blog\/wp-content\/uploads\/2017\/05\/UschiGlas-01.jpg?resize=250%2C187&#038;ssl=1\" alt=\"Szenenfoto\" width=\"250\" height=\"187\" data-recalc-dims=\"1\" \/> <\/div><\/div>\n<div class=\"su-column su-column-size-2-2\"><div class=\"su-column-inner su-u-clearfix su-u-trim\">\n<a href=\"https:\/\/i0.wp.com\/www.bildstoerung.tv\/blog\/wp-content\/uploads\/2017\/05\/UschiGlas-HansKorte.jpg?ssl=1\"><img decoding=\"async\" src=\"https:\/\/i0.wp.com\/www.bildstoerung.tv\/blog\/wp-content\/uploads\/2017\/05\/UschiGlas-HansKorte.jpg?resize=250%2C187&#038;ssl=1\" alt=\"Szenenfoto\" width=\"250\" height=\"187\" data-recalc-dims=\"1\" \/> <\/div><\/div>\n<\/div><\/a><br \/>\n<div class=\"su-row\">\n<div class=\"su-column su-column-size-1-2\"><div class=\"su-column-inner su-u-clearfix su-u-trim\">\n<a href=\"https:\/\/i0.wp.com\/www.bildstoerung.tv\/blog\/wp-content\/uploads\/2017\/05\/UschiGlas-IrinaDemick.jpg?ssl=1\"><img decoding=\"async\" src=\"https:\/\/i0.wp.com\/www.bildstoerung.tv\/blog\/wp-content\/uploads\/2017\/05\/UschiGlas-IrinaDemick.jpg?resize=250%2C187&#038;ssl=1\" alt=\"Szenenfoto\" width=\"250\" height=\"187\" data-recalc-dims=\"1\" \/> <\/div><\/div>\n<div class=\"su-column su-column-size-2-2\"><div class=\"su-column-inner su-u-clearfix su-u-trim\">\n<a href=\"https:\/\/i0.wp.com\/www.bildstoerung.tv\/blog\/wp-content\/uploads\/2017\/05\/UschiGlas-03v2.jpg?ssl=1\"><img decoding=\"async\" src=\"https:\/\/i0.wp.com\/www.bildstoerung.tv\/blog\/wp-content\/uploads\/2017\/05\/UschiGlas-03v2.jpg?resize=250%2C187&#038;ssl=1\" alt=\"Szenenfoto\" width=\"250\" height=\"187\" data-recalc-dims=\"1\" \/> <\/div><\/div>\n<\/div><\/a><br \/>\n<div class=\"su-row\">\n<div class=\"su-column su-column-size-1-2\"><div class=\"su-column-inner su-u-clearfix su-u-trim\">\n<a href=\"https:\/\/i0.wp.com\/www.bildstoerung.tv\/blog\/wp-content\/uploads\/2017\/05\/UschiGlas-02.jpg?ssl=1\"><img decoding=\"async\" src=\"https:\/\/i0.wp.com\/www.bildstoerung.tv\/blog\/wp-content\/uploads\/2017\/05\/UschiGlas-02.jpg?resize=250%2C187&#038;ssl=1\" alt=\"Szenenfoto\" width=\"250\" height=\"187\" data-recalc-dims=\"1\" \/> <\/div><\/div>\n<div class=\"su-column su-column-size-2-2\"><div class=\"su-column-inner su-u-clearfix su-u-trim\">\n<a href=\"https:\/\/i0.wp.com\/www.bildstoerung.tv\/blog\/wp-content\/uploads\/2017\/05\/S\u00e4ge.jpg?ssl=1\"><img decoding=\"async\" src=\"https:\/\/i0.wp.com\/www.bildstoerung.tv\/blog\/wp-content\/uploads\/2017\/05\/S\u00e4ge.jpg?resize=250%2C187&#038;ssl=1\" alt=\"Szenenfoto\" width=\"250\" height=\"187\" data-recalc-dims=\"1\" \/> <\/div><\/div>\n<\/div><\/a><br \/>\n<div class=\"su-row\">\n<div class=\"su-column su-column-size-1-2\"><div class=\"su-column-inner su-u-clearfix su-u-trim\">\n<a href=\"https:\/\/i0.wp.com\/www.bildstoerung.tv\/blog\/wp-content\/uploads\/2017\/05\/Party.jpg?ssl=1\"><img decoding=\"async\" src=\"https:\/\/i0.wp.com\/www.bildstoerung.tv\/blog\/wp-content\/uploads\/2017\/05\/Party.jpg?resize=250%2C187&#038;ssl=1\" alt=\"Szenenfoto\" width=\"250\" height=\"187\" data-recalc-dims=\"1\" \/> <\/div><\/div>\n<div class=\"su-column su-column-size-2-2\"><div class=\"su-column-inner su-u-clearfix su-u-trim\">\n<a href=\"https:\/\/i0.wp.com\/www.bildstoerung.tv\/blog\/wp-content\/uploads\/2017\/05\/GiselaFischer.jpg?ssl=1\"><img decoding=\"async\" src=\"https:\/\/i0.wp.com\/www.bildstoerung.tv\/blog\/wp-content\/uploads\/2017\/05\/GiselaFischer.jpg?resize=250%2C187&#038;ssl=1\" alt=\"Szenenfoto\" width=\"250\" height=\"187\" data-recalc-dims=\"1\" \/> <\/div><\/div>\n<\/div><\/a><br \/>\n<div class=\"su-row\">\n<div class=\"su-column su-column-size-1-2\"><div class=\"su-column-inner su-u-clearfix su-u-trim\">\n<a href=\"https:\/\/i0.wp.com\/www.bildstoerung.tv\/blog\/wp-content\/uploads\/2017\/05\/AnneMarieKuster.jpg?ssl=1\"><img decoding=\"async\" src=\"https:\/\/i0.wp.com\/www.bildstoerung.tv\/blog\/wp-content\/uploads\/2017\/05\/AnneMarieKuster.jpg?resize=250%2C187&#038;ssl=1\" alt=\"Szenenfoto\" width=\"250\" height=\"187\" data-recalc-dims=\"1\" \/> <\/div><\/div>\n<div class=\"su-column su-column-size-2-2\"><div class=\"su-column-inner su-u-clearfix su-u-trim\"><\/div><\/div>\n<\/div><\/a><\/p>\n<hr \/>\n","protected":false},"excerpt":{"rendered":"<p>Zum Download der druckf\u00e4higen Dateien einfach mit der rechten Maustaste [&hellip;]<\/p>\n","protected":false},"author":1,"featured_media":0,"parent":0,"menu_order":0,"comment_status":"closed","ping_status":"open","template":"","meta":{"om_disable_all_campaigns":false,"sfsi_plus_gutenberg_text_before_share":"","sfsi_plus_gutenberg_show_text_before_share":"","sfsi_plus_gutenberg_icon_type":"","sfsi_plus_gutenberg_icon_alignemt":"","sfsi_plus_gutenburg_max_per_row":"","_uf_show_specific_survey":0,"_uf_disable_surveys":false,"jetpack_post_was_ever_published":false,"footnotes":""},"class_list":["post-1543","page","type-page","status-publish","hentry"],"aioseo_notices":[],"jetpack_sharing_enabled":true,"jetpack_shortlink":"https:\/\/wp.me\/P5YmIz-oT","jetpack-related-posts":[],"_links":{"self":[{"href":"https:\/\/www.bildstoerung.tv\/blog\/wp-json\/wp\/v2\/pages\/1543","targetHints":{"allow":["GET"]}}],"collection":[{"href":"https:\/\/www.bildstoerung.tv\/blog\/wp-json\/wp\/v2\/pages"}],"about":[{"href":"https:\/\/www.bildstoerung.tv\/blog\/wp-json\/wp\/v2\/types\/page"}],"author":[{"embeddable":true,"href":"https:\/\/www.bildstoerung.tv\/blog\/wp-json\/wp\/v2\/users\/1"}],"replies":[{"embeddable":true,"href":"https:\/\/www.bildstoerung.tv\/blog\/wp-json\/wp\/v2\/comments?post=1543"}],"version-history":[{"count":0,"href":"https:\/\/www.bildstoerung.tv\/blog\/wp-json\/wp\/v2\/pages\/1543\/revisions"}],"wp:attachment":[{"href":"https:\/\/www.bildstoerung.tv\/blog\/wp-json\/wp\/v2\/media?parent=1543"}],"curies":[{"name":"wp","href":"https:\/\/api.w.org\/{rel}","templated":true}]}}