{"id":1313,"date":"2016-07-20T17:49:07","date_gmt":"2016-07-20T15:49:07","guid":{"rendered":"http:\/\/www.bildstoerung.tv\/blog\/?page_id=1313"},"modified":"2018-03-07T18:33:09","modified_gmt":"2018-03-07T16:33:09","slug":"entertainment-the-comedy-pressedownloads","status":"publish","type":"page","link":"https:\/\/www.bildstoerung.tv\/blog\/entertainment-the-comedy-pressedownloads\/","title":{"rendered":"ENTERTAINMENT &#038; THE COMEDY &#8211; Pressedownloads"},"content":{"rendered":"<p style=\"text-align: left;\">Zum Download der druckf\u00e4higen Dateien einfach mit der rechten Maustaste auf die Abbildungen klicken und im Men\u00fc den Punkt &#8222;Ziel speichern unter&#8230;&#8220; ausw\u00e4hlen.<\/p>\n<p style=\"text-align: left;\">Die Pressehefte finden Sie hier:<\/p>\n<p><a href=\"https:\/\/www.bildstoerung.tv\/\/pressedownload\/PH_COMEDY.pdf\">https:\/\/www.bildstoerung.tv\/\/pressedownload\/PH_COMEDY.pdf<\/a><br \/>\n<a href=\"https:\/\/www.bildstoerung.tv\/\/pressedownload\/PH_ENTERTAINMENT.pdf\">https:\/\/www.bildstoerung.tv\/\/pressedownload\/PH_ENTERTAINMENT.pdf<\/a><\/p>\n<p style=\"text-align: left;\">Der Trailer f\u00fcr ENTERTAINMENT in HD-Qualit\u00e4t auf Vimeo:<\/p>\n<p><a href=\"https:\/\/vimeo.com\/165111816\">https:\/\/vimeo.com\/165111816<\/a><\/p>\n<p style=\"text-align: left;\">Der Trailer f\u00fcr ENTERTAINMENT in HD-Qualit\u00e4t auf Youtube:<\/p>\n<p><a href=\"https:\/\/www.youtube.com\/watch?v=n5Sxh0_jC08\">https:\/\/www.youtube.com\/watch?v=n5Sxh0_jC08<\/a><\/p>\n<p style=\"text-align: left;\">Bitte beachten Sie die folgenden Copyrightlines:<br \/>\nSzenenfotos: ENTERTAINMENT &#8211; \u00a9 2015 Entertainment Film, LLC.<\/p>\n<p style=\"text-align: left;\">Der Trailer f\u00fcr THE COMEDY in HD-Qualit\u00e4t auf Vimeo:<\/p>\n<p><a href=\"https:\/\/vimeo.com\/176603342\">https:\/\/vimeo.com\/176603342<\/a><\/p>\n<p style=\"text-align: left;\">Der Trailer f\u00fcr THE COMEDY in HD-Qualit\u00e4t auf Youtube:<\/p>\n<p><a href=\"https:\/\/www.youtube.com\/watch?v=JHQhIeNuc-c\">https:\/\/www.youtube.com\/watch?v=JHQhIeNuc-c<\/a><\/p>\n<hr \/>\n<p style=\"text-align: left;\">DVD-Packshot ENTERTAINMENT &#038; THE COMEDY: <\/p>\n<div class=\"su-row\">\n<div class=\"su-column su-column-size-1-2\"><div class=\"su-column-inner su-u-clearfix su-u-trim\">\n<a href=\"https:\/\/i0.wp.com\/www.bildstoerung.tv\/pressedownload\/entertainment_dvd_fsk.jpg?ssl=1\"><img decoding=\"async\" src=\"https:\/\/i0.wp.com\/www.bildstoerung.tv\/pressedownload\/entertainment_dvd_fsk_k.jpg?resize=254%2C347&#038;ssl=1\" alt=\"DVD Entertainment\" width=\"254\" height=\"347\" data-recalc-dims=\"1\" \/> <\/div><\/div>\n<div class=\"su-column su-column-size-2-2\"><div class=\"su-column-inner su-u-clearfix su-u-trim\">\n<a href=\"https:\/\/i0.wp.com\/www.bildstoerung.tv\/pressedownload\/entertain_3d_dvd_fsk.jpg?ssl=1\"><img decoding=\"async\" src=\"https:\/\/i0.wp.com\/www.bildstoerung.tv\/pressedownload\/entertain_3d_dvd_fsk_k.jpg?resize=254%2C365&#038;ssl=1\" alt=\"DVD Entertainment\" width=\"254\" height=\"365\" data-recalc-dims=\"1\" \/> <\/div><\/div>\n<\/div><\/a><\/p>\n<p style=\"text-align: left;\">Blu-ray-Packshot ENTERTAINMENT &#038; THE COMEDY: <\/p>\n<div class=\"su-row\">\n<div class=\"su-column su-column-size-1-2\"><div class=\"su-column-inner su-u-clearfix su-u-trim\">\n<a href=\"https:\/\/i0.wp.com\/www.bildstoerung.tv\/pressedownload\/entertainment_bd_fsk.jpg?ssl=1\"><img decoding=\"async\" src=\"https:\/\/i0.wp.com\/www.bildstoerung.tv\/pressedownload\/entertainment_bd_fsk_k.jpg?resize=254%2C347&#038;ssl=1\" alt=\"DVD Entertainment\" width=\"254\" height=\"347\" data-recalc-dims=\"1\" \/> <\/div><\/div>\n<div class=\"su-column su-column-size-2-2\"><div class=\"su-column-inner su-u-clearfix su-u-trim\">\n<a href=\"https:\/\/i0.wp.com\/www.bildstoerung.tv\/pressedownload\/entertain_3d_bd_fsk.jpg?ssl=1\"><img decoding=\"async\" src=\"https:\/\/i0.wp.com\/www.bildstoerung.tv\/pressedownload\/entertain_3d_bd_fsk_k.jpg?resize=254%2C365&#038;ssl=1\" alt=\"DVD Entertainment\" width=\"254\" height=\"365\" data-recalc-dims=\"1\" \/> <\/div><\/div>\n<\/div><\/a><\/p>\n<p style=\"text-align: left;\">Kinoposter ENTERTAINMENT: <\/p>\n<div class=\"su-row\">\n<div class=\"su-column su-column-size-1-2\"><div class=\"su-column-inner su-u-clearfix su-u-trim\">\n<a href=\"https:\/\/i0.wp.com\/www.bildstoerung.tv\/blog\/wp-content\/uploads\/2016\/07\/Entertainment_BS_Poster.jpg?ssl=1\"><img decoding=\"async\" src=\"https:\/\/i0.wp.com\/www.bildstoerung.tv\/blog\/wp-content\/uploads\/2016\/07\/Entertainment_BS_Poster.jpg?resize=254%2C376&#038;ssl=1\" alt=\"Poster Entertainment\" width=\"254\" height=\"376\" data-recalc-dims=\"1\" \/> <\/div><\/div>\n<div class=\"su-column su-column-size-2-2\"><div class=\"su-column-inner su-u-clearfix su-u-trim\">\n<\/div><\/div>\n<\/div><\/a><\/p>\n<hr \/>\n<p style=\"text-align: left;\">Szenenfotos ENTERTAINMENT: <\/p>\n<p><a href=\"https:\/\/i0.wp.com\/www.bildstoerung.tv\/blog\/wp-content\/uploads\/2016\/07\/ENTERTAINMENT_Film_szene05.jpg?ssl=1\"><img decoding=\"async\" src=\"https:\/\/i0.wp.com\/www.bildstoerung.tv\/blog\/wp-content\/uploads\/2016\/07\/ENTERTAINMENT_Film_szene05.jpg?resize=500%2C184&#038;ssl=1\" alt=\"szene05\" width=\"500\" height=\"184\" data-recalc-dims=\"1\" \/><\/p>\n<p><\/a><a href=\"https:\/\/i0.wp.com\/www.bildstoerung.tv\/blog\/wp-content\/uploads\/2016\/07\/ENTERTAINMENT_Film_szene01.jpg?ssl=1\"><img decoding=\"async\" src=\"https:\/\/i0.wp.com\/www.bildstoerung.tv\/blog\/wp-content\/uploads\/2016\/07\/ENTERTAINMENT_Film_szene01.jpg?resize=500%2C184&#038;ssl=1\" alt=\"szene01\" width=\"500\" height=\"184\" data-recalc-dims=\"1\" \/><\/a><\/p>\n<p><a href=\"https:\/\/i0.wp.com\/www.bildstoerung.tv\/blog\/wp-content\/uploads\/2016\/07\/ENTERTAINMENT_Film_szene03.jpg?ssl=1\"><img decoding=\"async\" src=\"https:\/\/i0.wp.com\/www.bildstoerung.tv\/blog\/wp-content\/uploads\/2016\/07\/ENTERTAINMENT_Film_szene03.jpg?resize=500%2C184&#038;ssl=1\" alt=\"szene03\" width=\"500\" height=\"184\" data-recalc-dims=\"1\" \/><\/p>\n<p><\/a><a href=\"https:\/\/i0.wp.com\/www.bildstoerung.tv\/blog\/wp-content\/uploads\/2016\/07\/ENTERTAINMENT_Film_szene04.jpg?ssl=1\"><img decoding=\"async\" src=\"https:\/\/i0.wp.com\/www.bildstoerung.tv\/blog\/wp-content\/uploads\/2016\/07\/ENTERTAINMENT_Film_szene04.jpg?resize=500%2C184&#038;ssl=1\" alt=\"szene04\" width=\"500\" height=\"184\" data-recalc-dims=\"1\" \/><\/a><\/p>\n<p><\/a><a href=\"https:\/\/i0.wp.com\/www.bildstoerung.tv\/blog\/wp-content\/uploads\/2016\/07\/ENTERTAINMENT_Film_szene02.jpg?ssl=1\"><img decoding=\"async\" src=\"https:\/\/i0.wp.com\/www.bildstoerung.tv\/blog\/wp-content\/uploads\/2016\/07\/ENTERTAINMENT_Film_szene02.jpg?resize=500%2C184&#038;ssl=1\" alt=\"szene02\" width=\"500\" height=\"184\" data-recalc-dims=\"1\" \/><\/a><\/p>\n<p><a href=\"https:\/\/i0.wp.com\/www.bildstoerung.tv\/blog\/wp-content\/uploads\/2016\/07\/ENTERTAINMENT_Film_szene06.jpg?ssl=1\"><img decoding=\"async\" src=\"https:\/\/i0.wp.com\/www.bildstoerung.tv\/blog\/wp-content\/uploads\/2016\/07\/ENTERTAINMENT_Film_szene06.jpg?resize=500%2C184&#038;ssl=1\" alt=\"szene06\" width=\"500\" height=\"184\" data-recalc-dims=\"1\" \/><\/p>\n<p><\/a><a href=\"https:\/\/i0.wp.com\/www.bildstoerung.tv\/blog\/wp-content\/uploads\/2016\/07\/ENTERTAINMENT_Film_szene07.jpg?ssl=1\"><img decoding=\"async\" src=\"https:\/\/i0.wp.com\/www.bildstoerung.tv\/blog\/wp-content\/uploads\/2016\/07\/ENTERTAINMENT_Film_szene07.jpg?resize=500%2C184&#038;ssl=1\" alt=\"szene07\" width=\"500\" height=\"184\" data-recalc-dims=\"1\" \/><\/a><\/p>\n<p><\/a><a href=\"https:\/\/i0.wp.com\/www.bildstoerung.tv\/blog\/wp-content\/uploads\/2016\/07\/john_c_reilly.jpg?ssl=1\"><img decoding=\"async\" src=\"https:\/\/i0.wp.com\/www.bildstoerung.tv\/blog\/wp-content\/uploads\/2016\/07\/john_c_reilly.jpg?resize=500%2C184&#038;ssl=1\" alt=\"john_c_reilly\" width=\"500\" height=\"184\" data-recalc-dims=\"1\" \/><\/a><\/p>\n<p><a href=\"https:\/\/i0.wp.com\/www.bildstoerung.tv\/blog\/wp-content\/uploads\/2016\/07\/michael_cera.jpg?ssl=1\"><img decoding=\"async\" src=\"https:\/\/i0.wp.com\/www.bildstoerung.tv\/blog\/wp-content\/uploads\/2016\/07\/michael_cera.jpg?resize=500%2C184&#038;ssl=1\" alt=\"michael_cera\" width=\"500\" height=\"184\" data-recalc-dims=\"1\" \/><\/p>\n<p><\/a><a href=\"https:\/\/i0.wp.com\/www.bildstoerung.tv\/blog\/wp-content\/uploads\/2016\/07\/tye_sheridan.jpg?ssl=1\"><img decoding=\"async\" src=\"https:\/\/i0.wp.com\/www.bildstoerung.tv\/blog\/wp-content\/uploads\/2016\/07\/tye_sheridan.jpg?resize=500%2C184&#038;ssl=1\" alt=\"tye_sheridan\" width=\"500\" height=\"184\" data-recalc-dims=\"1\" \/><\/a><\/p>\n<hr \/>\n<p style=\"text-align: left;\">Kinoposter THE COMEDY: <\/p>\n<div class=\"su-row\">\n<div class=\"su-column su-column-size-1-2\"><div class=\"su-column-inner su-u-clearfix su-u-trim\">\n<a href=\"https:\/\/i0.wp.com\/www.bildstoerung.tv\/blog\/wp-content\/uploads\/2016\/07\/thecomedyposter.FINAL_.jpg?ssl=1\"><img decoding=\"async\" src=\"https:\/\/i0.wp.com\/www.bildstoerung.tv\/blog\/wp-content\/uploads\/2016\/07\/thecomedyposter.FINAL_.jpg?resize=254%2C381&#038;ssl=1\" alt=\"Poster The Comedy\" width=\"254\" height=\"381\" data-recalc-dims=\"1\" \/> <\/div><\/div>\n<div class=\"su-column su-column-size-2-2\"><div class=\"su-column-inner su-u-clearfix su-u-trim\">\n<\/div><\/div>\n<\/div><\/a><\/p>\n<hr \/>\n<p style=\"text-align: left;\">Szenenfotos THE COMEDY: <\/p>\n<p><a href=\"https:\/\/i0.wp.com\/www.bildstoerung.tv\/blog\/wp-content\/uploads\/2016\/07\/THE_COMEDY-TimHeidecker01.jpg?ssl=1\"><img decoding=\"async\" src=\"https:\/\/i0.wp.com\/www.bildstoerung.tv\/blog\/wp-content\/uploads\/2016\/07\/THE_COMEDY-TimHeidecker01.jpg?resize=500%2C266&#038;ssl=1\" alt=\"TimHeidecker01\" width=\"500\" height=\"266\" data-recalc-dims=\"1\" \/><\/p>\n<p><a href=\"https:\/\/i0.wp.com\/www.bildstoerung.tv\/blog\/wp-content\/uploads\/2016\/07\/THE_COMEDY01.jpg?ssl=1\"><img decoding=\"async\" src=\"https:\/\/i0.wp.com\/www.bildstoerung.tv\/blog\/wp-content\/uploads\/2016\/07\/THE_COMEDY01.jpg?resize=500%2C266&#038;ssl=1\" alt=\"THE_COMEDY01\" width=\"500\" height=\"266\" data-recalc-dims=\"1\" \/><\/p>\n<p><a href=\"https:\/\/i0.wp.com\/www.bildstoerung.tv\/blog\/wp-content\/uploads\/2016\/07\/THE_COMEDY-TimHeidecker02.jpg?ssl=1\"><img decoding=\"async\" src=\"https:\/\/i0.wp.com\/www.bildstoerung.tv\/blog\/wp-content\/uploads\/2016\/07\/THE_COMEDY-TimHeidecker02.jpg?resize=500%2C266&#038;ssl=1\" alt=\"TimHeidecker02\" width=\"500\" height=\"266\" data-recalc-dims=\"1\" \/><\/p>\n<p><a href=\"https:\/\/i0.wp.com\/www.bildstoerung.tv\/blog\/wp-content\/uploads\/2016\/07\/THE_COMEDY-TimHeidecker04.jpg?ssl=1\"><img decoding=\"async\" src=\"https:\/\/i0.wp.com\/www.bildstoerung.tv\/blog\/wp-content\/uploads\/2016\/07\/THE_COMEDY-TimHeidecker04.jpg?resize=500%2C266&#038;ssl=1\" alt=\"TimHeidecker04\" width=\"500\" height=\"266\" data-recalc-dims=\"1\" \/><\/p>\n<p><a href=\"https:\/\/i0.wp.com\/www.bildstoerung.tv\/blog\/wp-content\/uploads\/2016\/07\/THE_COMEDY-TimHeidecker_GreggTurkington.jpg?ssl=1\"><img decoding=\"async\" src=\"https:\/\/i0.wp.com\/www.bildstoerung.tv\/blog\/wp-content\/uploads\/2016\/07\/THE_COMEDY-TimHeidecker_GreggTurkington.jpg?resize=500%2C266&#038;ssl=1\" alt=\"TimHeidecker_GreggTurkington\" width=\"500\" height=\"266\" data-recalc-dims=\"1\" \/><\/p>\n<p><a href=\"https:\/\/i0.wp.com\/www.bildstoerung.tv\/blog\/wp-content\/uploads\/2016\/07\/EricWareheim_TimHeidecker_JamesMurphy.jpg?ssl=1\"><img decoding=\"async\" src=\"https:\/\/i0.wp.com\/www.bildstoerung.tv\/blog\/wp-content\/uploads\/2016\/07\/EricWareheim_TimHeidecker_JamesMurphy.jpg?resize=500%2C266&#038;ssl=1\" alt=\"EricWareheim_TimHeidecker_JamesMurphy\" width=\"500\" height=\"266\" data-recalc-dims=\"1\" \/><\/p>\n<p><a href=\"https:\/\/i0.wp.com\/www.bildstoerung.tv\/blog\/wp-content\/uploads\/2016\/07\/THE_COMEDY-TimHeidecker03.jpg?ssl=1\"><img decoding=\"async\" src=\"https:\/\/i0.wp.com\/www.bildstoerung.tv\/blog\/wp-content\/uploads\/2016\/07\/THE_COMEDY-TimHeidecker03.jpg?resize=500%2C266&#038;ssl=1\" alt=\"TimHeidecker03\" width=\"500\" height=\"266\" data-recalc-dims=\"1\" \/><\/p>\n<p><a href=\"https:\/\/i0.wp.com\/www.bildstoerung.tv\/blog\/wp-content\/uploads\/2016\/07\/THE_COMEDY-TimHeidecker05.jpg?ssl=1\"><img decoding=\"async\" src=\"https:\/\/i0.wp.com\/www.bildstoerung.tv\/blog\/wp-content\/uploads\/2016\/07\/THE_COMEDY-TimHeidecker05.jpg?resize=500%2C266&#038;ssl=1\" alt=\"TimHeidecker05\" width=\"500\" height=\"266\" data-recalc-dims=\"1\" \/><\/p>\n","protected":false},"excerpt":{"rendered":"<p>Zum Download der druckf\u00e4higen Dateien einfach mit der rechten Maustaste [&hellip;]<\/p>\n","protected":false},"author":1,"featured_media":0,"parent":0,"menu_order":0,"comment_status":"closed","ping_status":"open","template":"","meta":{"om_disable_all_campaigns":false,"sfsi_plus_gutenberg_text_before_share":"","sfsi_plus_gutenberg_show_text_before_share":"","sfsi_plus_gutenberg_icon_type":"","sfsi_plus_gutenberg_icon_alignemt":"","sfsi_plus_gutenburg_max_per_row":"","_uf_show_specific_survey":0,"_uf_disable_surveys":false,"jetpack_post_was_ever_published":false,"footnotes":""},"class_list":["post-1313","page","type-page","status-publish","hentry"],"aioseo_notices":[],"jetpack_sharing_enabled":true,"jetpack_shortlink":"https:\/\/wp.me\/P5YmIz-lb","jetpack-related-posts":[],"_links":{"self":[{"href":"https:\/\/www.bildstoerung.tv\/blog\/wp-json\/wp\/v2\/pages\/1313","targetHints":{"allow":["GET"]}}],"collection":[{"href":"https:\/\/www.bildstoerung.tv\/blog\/wp-json\/wp\/v2\/pages"}],"about":[{"href":"https:\/\/www.bildstoerung.tv\/blog\/wp-json\/wp\/v2\/types\/page"}],"author":[{"embeddable":true,"href":"https:\/\/www.bildstoerung.tv\/blog\/wp-json\/wp\/v2\/users\/1"}],"replies":[{"embeddable":true,"href":"https:\/\/www.bildstoerung.tv\/blog\/wp-json\/wp\/v2\/comments?post=1313"}],"version-history":[{"count":0,"href":"https:\/\/www.bildstoerung.tv\/blog\/wp-json\/wp\/v2\/pages\/1313\/revisions"}],"wp:attachment":[{"href":"https:\/\/www.bildstoerung.tv\/blog\/wp-json\/wp\/v2\/media?parent=1313"}],"curies":[{"name":"wp","href":"https:\/\/api.w.org\/{rel}","templated":true}]}}