{"id":1254,"date":"2016-06-11T14:17:22","date_gmt":"2016-06-11T12:17:22","guid":{"rendered":"http:\/\/www.bildstoerung.tv\/blog\/?page_id=1254"},"modified":"2018-05-24T12:55:29","modified_gmt":"2018-05-24T10:55:29","slug":"entertainment","status":"publish","type":"page","link":"https:\/\/www.bildstoerung.tv\/blog\/filme\/entertainment\/","title":{"rendered":"ENTERTAINMENT"},"content":{"rendered":"<div class=\"su-row\">\n<div class=\"su-column su-column-size-1-2\"><div class=\"su-column-inner su-u-clearfix su-u-trim\">\n<p><a href=\"https:\/\/i0.wp.com\/www.bildstoerung.tv\/blog\/wp-content\/uploads\/2016\/06\/ENTERTAINMENT_Film_4Screencaptures_221166.jpg?ssl=1\"><img decoding=\"async\" data-attachment-id=\"248\" data-permalink=\"https:\/\/www.bildstoerung.tv\/blog\/coherence-james-ward-byrkit\/coh_theatricalposter\/\" data-orig-file=\"https:\/\/i0.wp.com\/www.bildstoerung.tv\/blog\/wp-content\/uploads\/2014\/09\/COH_TheatricalPoster.jpg?fit=818%2C1211&amp;ssl=1\" data-orig-size=\"818,1211\" data-comments-opened=\"0\" data-image-meta=\"{&quot;aperture&quot;:&quot;0&quot;,&quot;credit&quot;:&quot;&quot;,&quot;camera&quot;:&quot;&quot;,&quot;caption&quot;:&quot;&quot;,&quot;created_timestamp&quot;:&quot;0&quot;,&quot;copyright&quot;:&quot;&quot;,&quot;focal_length&quot;:&quot;0&quot;,&quot;iso&quot;:&quot;0&quot;,&quot;shutter_speed&quot;:&quot;0&quot;,&quot;title&quot;:&quot;&quot;,&quot;orientation&quot;:&quot;1&quot;}\" data-image-title=\"COHERENCE &#8211; TheatricalPoster\" data-image-description=\"\" data-image-caption=\"\" data-medium-file=\"https:\/\/i0.wp.com\/www.bildstoerung.tv\/blog\/wp-content\/uploads\/2014\/09\/COH_TheatricalPoster.jpg?fit=300%2C444&amp;ssl=1\" data-large-file=\"https:\/\/i0.wp.com\/www.bildstoerung.tv\/blog\/wp-content\/uploads\/2014\/09\/COH_TheatricalPoster.jpg?fit=691%2C1024&amp;ssl=1\" class=\"alignnone size-medium wp-image-248\" src=\"https:\/\/i0.wp.com\/www.bildstoerung.tv\/blog\/wp-content\/uploads\/2016\/06\/ENTERTAINMENT_Film_4Screencaptures_221166.jpg?resize=227%2C84&#038;ssl=1\" alt=\"ENTERTAINMENT - Poster\" width=\"227\" height=\"84\" data-recalc-dims=\"1\" \/><\/a><br \/>\n<a href=\"https:\/\/i0.wp.com\/www.bildstoerung.tv\/blog\/wp-content\/uploads\/2016\/06\/ENTERTAINMENT_Film_4Screencaptures_102841.jpg?ssl=1\"><img decoding=\"async\" data-attachment-id=\"248\" data-permalink=\"https:\/\/www.bildstoerung.tv\/blog\/coherence-james-ward-byrkit\/coh_theatricalposter\/\" data-orig-file=\"https:\/\/i0.wp.com\/www.bildstoerung.tv\/blog\/wp-content\/uploads\/2014\/09\/COH_TheatricalPoster.jpg?fit=818%2C1211&amp;ssl=1\" data-orig-size=\"818,1211\" data-comments-opened=\"0\" data-image-meta=\"{&quot;aperture&quot;:&quot;0&quot;,&quot;credit&quot;:&quot;&quot;,&quot;camera&quot;:&quot;&quot;,&quot;caption&quot;:&quot;&quot;,&quot;created_timestamp&quot;:&quot;0&quot;,&quot;copyright&quot;:&quot;&quot;,&quot;focal_length&quot;:&quot;0&quot;,&quot;iso&quot;:&quot;0&quot;,&quot;shutter_speed&quot;:&quot;0&quot;,&quot;title&quot;:&quot;&quot;,&quot;orientation&quot;:&quot;1&quot;}\" data-image-title=\"COHERENCE &#8211; TheatricalPoster\" data-image-description=\"\" data-image-caption=\"\" data-medium-file=\"https:\/\/i0.wp.com\/www.bildstoerung.tv\/blog\/wp-content\/uploads\/2014\/09\/COH_TheatricalPoster.jpg?fit=300%2C444&amp;ssl=1\" data-large-file=\"https:\/\/i0.wp.com\/www.bildstoerung.tv\/blog\/wp-content\/uploads\/2014\/09\/COH_TheatricalPoster.jpg?fit=691%2C1024&amp;ssl=1\" class=\"alignnone size-medium wp-image-248\" src=\"https:\/\/i0.wp.com\/www.bildstoerung.tv\/blog\/wp-content\/uploads\/2016\/06\/ENTERTAINMENT_Film_4Screencaptures_102841.jpg?resize=227%2C84&#038;ssl=1\" alt=\"ENTERTAINMENT - Poster\" width=\"227\" height=\"84\" data-recalc-dims=\"1\" \/><\/a><\/p>\n<\/div><\/div>\n<div class=\"su-column su-column-size-1-2\"><div class=\"su-column-inner su-u-clearfix su-u-trim\">\n<h2><strong>DROP OUT 031:<br \/>\nENTERTAINMENT<br \/>\nTHE COMEDY<\/strong><\/h2>\n<p class=\"MsoNormal\"><span style=\"font-size: 10pt;\">Von Rick Alverson<\/span><\/p>\n<p class=\"MsoNormal\"><span style=\"font-size: 10pt;\">ENTERTAINMENT (USA 2015)<\/span><\/p>\n<p class=\"MsoNormal\"><span style=\"font-size: 10pt;\">102 Min. (ungeschnitten), Ton: Englisch mit Untertiteln <\/span><\/p>\n<p class=\"MsoNormal\"><span style=\"font-size: 10pt;\">THE COMEDY (USA 2012)<\/span><\/p>\n<p class=\"MsoNormal\"><span style=\"font-size: 10pt;\">95 Min. (ungeschnitten), Ton: Englisch mit Untertiteln <\/span><\/p>\n<p><span style=\"font-size: 10pt;\">Ab 29.M\u00e4rz aud DVD &#038; Blu-ray!<\/span><\/p>\n<p>&nbsp;<\/p>\n<\/div><\/div>\n<\/div>\n<h3><strong>AB 29. M\u00e4rz auf DVD &#038; Blu-ray!<\/strong><\/h3>\n<p>Wir freuen uns zwei Filme des str\u00e4flich untersch\u00e4tzten US-Filmemachers Rick Alverson ver\u00f6ffentlichen zu k\u00f6nnen, und zwar THE COMEDY, den ultimativen Hipster-Film, und ENTERTAINMENT, eine d\u00fcstere Reise ins Herz der amerikanischen Unterhaltungs-Finsternis.<\/p>\n<p><span style=\"text-decoration: underline;\"><strong>INHALT: ENTERTAINMENT:<\/strong><\/span><br \/>\nEin kaputter, alternder Comedian tourt durch die kalifornische W\u00fcste, verloren in einem Teufelskreis aus heruntergekommenen Spielorten, neuartiger Touristenattraktionen und vergeblicher Versuche, seine von ihm entfremdete Tochter zu erreichen. Tags\u00fcber schleppt er sich durch die karge Landschaft und st\u00f6\u00dft ungewollt jede Bekanntschaft vor den Kopf. Nachts sucht er Trost in der Verk\u00f6rperung seiner B\u00fchnenfigur. Angestachelt von der Aussicht auf ein lukratives Hollywood-Engagement qu\u00e4lt er sich durch eine Reihe zunehmend unwirklicher und fl\u00fcchtiger Begegnungen. In Alversons halluzinogener Fuge spielt Gregg Turkington Den Comedian, der zwischen den beiden Extremen gefangen ist, einerseits im Mittelpunkt zu stehen, andererseits aber allen vor den Kopf zu sto\u00dfen, und der immer wieder auf \u00fcberraschende Charaktere trifft, die von Tye Sheridan, John C. Reilly, Michael Cera, und Amy Seimetz gespielt werden.<\/p>\n<p><span style=\"text-decoration: underline;\"><strong>KINOTRAILER: ENTERTAINMENT:<\/strong><\/span><br \/>\n<iframe src=\"https:\/\/www.youtube-nocookie.com\/embed\/n5Sxh0_jC08?hd=1&#038;rel=0&#038;autohide=1&#038;showinfo=0\" width=\"570\" height=\"320\" frameborder=\"0\" allowfullscreen=\"allowfullscreen\"><\/iframe><br \/>\n&nbsp;<\/p>\n<blockquote><p><strong>Pressestimmen:<\/strong><br \/>\n\u201eEin echter Leckerbissen und einer der besten Filme des Jahres. Aber kommt danach nicht angekrochen, wenn ihr ihn hasst. Dem Film ist es schlie\u00dflich auch egal.\u201c <em><strong>Toronto Film Scene<\/strong><\/em><\/p>\n<p>\u201eOb es einem gef\u00e4llt oder nicht: Alversons vierter Spielfilm ist etwas Einzigartiges und unterstreicht erneut seinen Status als einen der wirklich mutigen Akteure in der viel zu gleichf\u00f6rmigen US-Indie- Film-Szene.\u201c <em><strong>Variety<\/strong><\/em><\/p>\n<p>\u201eKriminell. Das ist das passende Wort daf\u00fcr. Rick Alverson dreht keine Filme, sondern Verbrechen. Der Film schl\u00e4gt nicht brutal mit dem Hammer auf dich ein, sondern kratzt ganz langsam auf deiner Haut, bis dir auff\u00e4llt, dass du schon seit einer halben Stunde blutest \u2014 so verdammt gut ist er. ENTERTAINMENT muss man gesehen haben. So viel Blut hab\u2019 ich noch nie gelacht. Schw\u00e4rzer kann eine Kom\u00f6die nicht werden, ohne nur noch Schwarz zu sein.\u201c <em><strong>Brock Wilbur \u2013 Inverse.com<\/strong><\/em>\n<\/p><\/blockquote>\n<p>&nbsp;<br \/>\n<span style=\"text-decoration: underline;\"><strong>SZENENFOTOS: ENTERTAINMENT<\/strong><\/span><br \/>\n<div id=\"su_carousel_69f5bdf44e34b\" class=\"su-carousel su-carousel-pages-no su-carousel-responsive-yes su-lightbox-gallery\" style=\"width:100%\" data-autoplay=\"10000\" data-speed=\"600\" data-mousewheel=\"true\" data-items=\"1\" data-scroll=\"1\"><div class=\"su-carousel-slides\"><div class=\"su-carousel-slide\"><a href=\"https:\/\/i0.wp.com\/www.bildstoerung.tv\/blog\/wp-content\/uploads\/2016\/06\/ENTERTAINMENT_Film_4Screencaptures_221186.jpg?ssl=1\" title=\"ENTERTAINMENT_Film_4Screencaptures_221186\"><img decoding=\"async\" src=\"https:\/\/i0.wp.com\/www.bildstoerung.tv\/blog\/wp-content\/uploads\/2016\/06\/ENTERTAINMENT_Film_4Screencaptures_221186.jpg?resize=782%2C295&#038;ssl=1\" alt=\"ENTERTAINMENT_Film_4Screencaptures_221186\" data-recalc-dims=\"1\" \/><\/a><\/div><div class=\"su-carousel-slide\"><a href=\"https:\/\/i0.wp.com\/www.bildstoerung.tv\/blog\/wp-content\/uploads\/2016\/06\/ENTERTAINMENT_Film_4Screencaptures_102841.jpg?ssl=1\" title=\"ENTERTAINMENT_Film_4Screencaptures_102841\"><img decoding=\"async\" src=\"https:\/\/i0.wp.com\/www.bildstoerung.tv\/blog\/wp-content\/uploads\/2016\/06\/ENTERTAINMENT_Film_4Screencaptures_102841.jpg?resize=782%2C295&#038;ssl=1\" alt=\"ENTERTAINMENT_Film_4Screencaptures_102841\" data-recalc-dims=\"1\" \/><\/a><\/div><div class=\"su-carousel-slide\"><a href=\"https:\/\/i0.wp.com\/www.bildstoerung.tv\/blog\/wp-content\/uploads\/2016\/06\/ENTERTAINMENT_Film_4Screencaptures_94607.jpg?ssl=1\" title=\"ENTERTAINMENT_Film_4Screencaptures_94607\"><img decoding=\"async\" src=\"https:\/\/i0.wp.com\/www.bildstoerung.tv\/blog\/wp-content\/uploads\/2016\/06\/ENTERTAINMENT_Film_4Screencaptures_94607.jpg?resize=782%2C295&#038;ssl=1\" alt=\"ENTERTAINMENT_Film_4Screencaptures_94607\" data-recalc-dims=\"1\" \/><\/a><\/div><div class=\"su-carousel-slide\"><a href=\"https:\/\/i0.wp.com\/www.bildstoerung.tv\/blog\/wp-content\/uploads\/2016\/06\/ENTERTAINMENT_Film_4Screencaptures_109483.jpg?ssl=1\" title=\"ENTERTAINMENT_Film_4Screencaptures_109483\"><img decoding=\"async\" src=\"https:\/\/i0.wp.com\/www.bildstoerung.tv\/blog\/wp-content\/uploads\/2016\/06\/ENTERTAINMENT_Film_4Screencaptures_109483.jpg?resize=782%2C295&#038;ssl=1\" alt=\"ENTERTAINMENT_Film_4Screencaptures_109483\" data-recalc-dims=\"1\" \/><\/a><\/div><div class=\"su-carousel-slide\"><a href=\"https:\/\/i0.wp.com\/www.bildstoerung.tv\/blog\/wp-content\/uploads\/2016\/06\/ENTERTAINMENT_Film_4Screencaptures_121289.jpg?ssl=1\" title=\"ENTERTAINMENT_Film_4Screencaptures_121289\"><img decoding=\"async\" src=\"https:\/\/i0.wp.com\/www.bildstoerung.tv\/blog\/wp-content\/uploads\/2016\/06\/ENTERTAINMENT_Film_4Screencaptures_121289.jpg?resize=782%2C295&#038;ssl=1\" alt=\"ENTERTAINMENT_Film_4Screencaptures_121289\" data-recalc-dims=\"1\" \/><\/a><\/div><div class=\"su-carousel-slide\"><a href=\"https:\/\/i0.wp.com\/www.bildstoerung.tv\/blog\/wp-content\/uploads\/2016\/06\/ENTERTAINMENT_Film_4Screencaptures_127544.jpg?ssl=1\" title=\"ENTERTAINMENT_Film_4Screencaptures_127544\"><img decoding=\"async\" src=\"https:\/\/i0.wp.com\/www.bildstoerung.tv\/blog\/wp-content\/uploads\/2016\/06\/ENTERTAINMENT_Film_4Screencaptures_127544.jpg?resize=782%2C295&#038;ssl=1\" alt=\"ENTERTAINMENT_Film_4Screencaptures_127544\" data-recalc-dims=\"1\" \/><\/a><\/div><div class=\"su-carousel-slide\"><a href=\"https:\/\/i0.wp.com\/www.bildstoerung.tv\/blog\/wp-content\/uploads\/2016\/06\/ENTERTAINMENT_Film_4Screencaptures_171914.jpg?ssl=1\" title=\"ENTERTAINMENT_Film_4Screencaptures_171914\"><img decoding=\"async\" src=\"https:\/\/i0.wp.com\/www.bildstoerung.tv\/blog\/wp-content\/uploads\/2016\/06\/ENTERTAINMENT_Film_4Screencaptures_171914.jpg?resize=782%2C295&#038;ssl=1\" alt=\"ENTERTAINMENT_Film_4Screencaptures_171914\" data-recalc-dims=\"1\" \/><\/a><\/div><div class=\"su-carousel-slide\"><a href=\"https:\/\/i0.wp.com\/www.bildstoerung.tv\/blog\/wp-content\/uploads\/2016\/06\/ENTERTAINMENT_Film_4Screencaptures_181964.jpg?ssl=1\" title=\"ENTERTAINMENT_Film_4Screencaptures_181964\"><img decoding=\"async\" src=\"https:\/\/i0.wp.com\/www.bildstoerung.tv\/blog\/wp-content\/uploads\/2016\/06\/ENTERTAINMENT_Film_4Screencaptures_181964.jpg?resize=782%2C295&#038;ssl=1\" alt=\"ENTERTAINMENT_Film_4Screencaptures_181964\" data-recalc-dims=\"1\" \/><\/a><\/div><\/div><div class=\"su-carousel-nav\"><div class=\"su-carousel-direction\"><span class=\"su-carousel-prev\"><\/span><span class=\"su-carousel-next\"><\/span><\/div><div class=\"su-carousel-pagination\"><\/div><\/div><\/div>\n&nbsp;<br \/>\n<span style=\"text-decoration: underline;\"><strong>INHALT THE COMEDY:<\/strong><\/span><br \/>\nSwanson, ein v\u00f6llig abgestumpfter Hipster aus Brooklyn, steht dank des v\u00e4terlichen Verm\u00f6gens \u00fcber den Dingen. Wenn der gelangweilte Spr\u00f6ssling und hauptberufliche Sohn gerade einmal nicht auf seinem Segelboot D\u00e4umchen dreht, l\u00e4sst er mit seinen ebenso verzogenen Kumpels ganz \u201akultiviert\u2019 die Sau raus oder bes\u00e4uft sich am Krankenbett seines Vaters und begegnet jedem, dem er \u00fcber den Weg l\u00e4uft, mit grenzenloser Verachtung.<br \/>\nKurzum: Swanson erlaubt sich alles. Weil er es kann.<br \/>\n&nbsp;<br \/>\n<span style=\"text-decoration: underline;\"><strong>KINOTRAILER: THE COMEDY<\/strong><\/span><br \/>\n<iframe src=\"https:\/\/www.youtube.com\/embed\/JHQhIeNuc-c?hd=1&#038;rel=0&#038;autohide=1&#038;showinfo=0\" width=\"570\" height=\"322\" frameborder=\"0\" allowfullscreen=\"allowfullscreen\"><\/iframe><br \/>\n&nbsp;<\/p>\n<blockquote><p><strong>Pressestimmen:<\/strong><br \/>\n\u201ePolarisierender als die Arbeiten von Rick Alverson sind Filme nur selten. In THE COMEDY arschlocht sich Kultschauspieler Tim Heidecker als Hipster, der meint, sich alles erlauben zu k\u00f6nnen, ohne erkennbaren Nutzen durchs Leben.\u201c <em><strong>Westword.com<\/strong><\/em><\/p>\n<p>\u201eStellt euch WIE EIN WILDER STIER mit einem schmierigen Spr\u00f6ssling aus der Brooklyn-Hipsteropole Williamsburg vor, und dann bekommt ihr eine Ahnung von THE COMEDY, einer Charakterstudie, die versucht, das Absto\u00dfende anziehend zu machen.\u201c <em><strong>New York Post<\/strong><\/em><\/p>\n<p>\u201e\u201eStrategisch subversiv\u201c \u2013 das d\u00fcrfte Rick Alversons Art Filme zu drehen wohl am treffendsten beschreiben.\u201c <em><strong>Carlos Aguilar \u2013 MovieMaker.com<\/strong><\/em>\n<\/p><\/blockquote>\n<p>&nbsp;<br \/>\n<span style=\"text-decoration: underline;\"><strong>SZENENFOTOS: THE COMEDY<\/strong><\/span><\/p>\n<div id=\"su_carousel_69f5bdf452c3b\" class=\"su-carousel su-carousel-pages-no su-carousel-responsive-yes su-lightbox-gallery\" style=\"width:100%\" data-autoplay=\"10000\" data-speed=\"600\" data-mousewheel=\"true\" data-items=\"1\" data-scroll=\"1\"><div class=\"su-carousel-slides\"><div class=\"su-carousel-slide\"><a href=\"https:\/\/i0.wp.com\/www.bildstoerung.tv\/blog\/wp-content\/uploads\/2016\/07\/The-Comedy_TribecaOutputv1_89567k.jpg?ssl=1\" title=\"The Comedy_TribecaOutputv1_89567k\"><img decoding=\"async\" src=\"https:\/\/i0.wp.com\/www.bildstoerung.tv\/blog\/wp-content\/uploads\/2016\/07\/The-Comedy_TribecaOutputv1_89567k.jpg?resize=782%2C295&#038;ssl=1\" alt=\"The Comedy_TribecaOutputv1_89567k\" data-recalc-dims=\"1\" \/><\/a><\/div><div class=\"su-carousel-slide\"><a href=\"https:\/\/i0.wp.com\/www.bildstoerung.tv\/blog\/wp-content\/uploads\/2016\/07\/The-Comedy_TribecaOutputv1_116140k.jpg?ssl=1\" title=\"The Comedy_TribecaOutputv1_116140k\"><img decoding=\"async\" src=\"https:\/\/i0.wp.com\/www.bildstoerung.tv\/blog\/wp-content\/uploads\/2016\/07\/The-Comedy_TribecaOutputv1_116140k.jpg?resize=782%2C295&#038;ssl=1\" alt=\"The Comedy_TribecaOutputv1_116140k\" data-recalc-dims=\"1\" \/><\/a><\/div><div class=\"su-carousel-slide\"><a href=\"https:\/\/i0.wp.com\/www.bildstoerung.tv\/blog\/wp-content\/uploads\/2016\/07\/The-Comedy_TribecaOutputv1_118932k.jpg?ssl=1\" title=\"The Comedy_TribecaOutputv1_118932k\"><img decoding=\"async\" src=\"https:\/\/i0.wp.com\/www.bildstoerung.tv\/blog\/wp-content\/uploads\/2016\/07\/The-Comedy_TribecaOutputv1_118932k.jpg?resize=782%2C295&#038;ssl=1\" alt=\"The Comedy_TribecaOutputv1_118932k\" data-recalc-dims=\"1\" \/><\/a><\/div><div class=\"su-carousel-slide\"><a href=\"https:\/\/i0.wp.com\/www.bildstoerung.tv\/blog\/wp-content\/uploads\/2016\/07\/The-Comedy_TribecaOutputv1_129412k.jpg?ssl=1\" title=\"The Comedy_TribecaOutputv1_129412k\"><img decoding=\"async\" src=\"https:\/\/i0.wp.com\/www.bildstoerung.tv\/blog\/wp-content\/uploads\/2016\/07\/The-Comedy_TribecaOutputv1_129412k.jpg?resize=782%2C295&#038;ssl=1\" alt=\"The Comedy_TribecaOutputv1_129412k\" data-recalc-dims=\"1\" \/><\/a><\/div><div class=\"su-carousel-slide\"><a href=\"https:\/\/i0.wp.com\/www.bildstoerung.tv\/blog\/wp-content\/uploads\/2016\/07\/The-Comedy_TribecaOutputv1_130597k.jpg?ssl=1\" title=\"The Comedy_TribecaOutputv1_130597k\"><img decoding=\"async\" src=\"https:\/\/i0.wp.com\/www.bildstoerung.tv\/blog\/wp-content\/uploads\/2016\/07\/The-Comedy_TribecaOutputv1_130597k.jpg?resize=782%2C295&#038;ssl=1\" alt=\"The Comedy_TribecaOutputv1_130597k\" data-recalc-dims=\"1\" \/><\/a><\/div><div class=\"su-carousel-slide\"><a href=\"https:\/\/i0.wp.com\/www.bildstoerung.tv\/blog\/wp-content\/uploads\/2016\/07\/The-Comedy_TribecaOutputv1_131343k.jpg?ssl=1\" title=\"The Comedy_TribecaOutputv1_131343k\"><img decoding=\"async\" src=\"https:\/\/i0.wp.com\/www.bildstoerung.tv\/blog\/wp-content\/uploads\/2016\/07\/The-Comedy_TribecaOutputv1_131343k.jpg?resize=782%2C295&#038;ssl=1\" alt=\"The Comedy_TribecaOutputv1_131343k\" data-recalc-dims=\"1\" \/><\/a><\/div><div class=\"su-carousel-slide\"><a href=\"https:\/\/i0.wp.com\/www.bildstoerung.tv\/blog\/wp-content\/uploads\/2016\/07\/The-Comedy_TribecaOutputv1_139106k.jpg?ssl=1\" title=\"The Comedy_TribecaOutputv1_139106k\"><img decoding=\"async\" src=\"https:\/\/i0.wp.com\/www.bildstoerung.tv\/blog\/wp-content\/uploads\/2016\/07\/The-Comedy_TribecaOutputv1_139106k.jpg?resize=782%2C295&#038;ssl=1\" alt=\"The Comedy_TribecaOutputv1_139106k\" data-recalc-dims=\"1\" \/><\/a><\/div><div class=\"su-carousel-slide\"><a href=\"https:\/\/i0.wp.com\/www.bildstoerung.tv\/blog\/wp-content\/uploads\/2016\/07\/The-Comedy_TribecaOutputv1_147936k.jpg?ssl=1\" title=\"The Comedy_TribecaOutputv1_147936k\"><img decoding=\"async\" src=\"https:\/\/i0.wp.com\/www.bildstoerung.tv\/blog\/wp-content\/uploads\/2016\/07\/The-Comedy_TribecaOutputv1_147936k.jpg?resize=782%2C295&#038;ssl=1\" alt=\"The Comedy_TribecaOutputv1_147936k\" data-recalc-dims=\"1\" \/><\/a><\/div><div class=\"su-carousel-slide\"><a href=\"https:\/\/i0.wp.com\/www.bildstoerung.tv\/blog\/wp-content\/uploads\/2016\/07\/The-Comedy_TribecaOutputv1_161111k.jpg?ssl=1\" title=\"The Comedy_TribecaOutputv1_161111k\"><img decoding=\"async\" src=\"https:\/\/i0.wp.com\/www.bildstoerung.tv\/blog\/wp-content\/uploads\/2016\/07\/The-Comedy_TribecaOutputv1_161111k.jpg?resize=782%2C295&#038;ssl=1\" alt=\"The Comedy_TribecaOutputv1_161111k\" data-recalc-dims=\"1\" \/><\/a><\/div><div class=\"su-carousel-slide\"><a href=\"https:\/\/i0.wp.com\/www.bildstoerung.tv\/blog\/wp-content\/uploads\/2016\/07\/The-Comedy_TribecaOutputv1_172327k.jpg?ssl=1\" title=\"The Comedy_TribecaOutputv1_172327k\"><img decoding=\"async\" src=\"https:\/\/i0.wp.com\/www.bildstoerung.tv\/blog\/wp-content\/uploads\/2016\/07\/The-Comedy_TribecaOutputv1_172327k.jpg?resize=782%2C295&#038;ssl=1\" alt=\"The Comedy_TribecaOutputv1_172327k\" data-recalc-dims=\"1\" \/><\/a><\/div><div class=\"su-carousel-slide\"><a href=\"https:\/\/i0.wp.com\/www.bildstoerung.tv\/blog\/wp-content\/uploads\/2016\/07\/The-Comedy_TribecaOutputv1_197762k.jpg?ssl=1\" title=\"The Comedy_TribecaOutputv1_197762k\"><img decoding=\"async\" src=\"https:\/\/i0.wp.com\/www.bildstoerung.tv\/blog\/wp-content\/uploads\/2016\/07\/The-Comedy_TribecaOutputv1_197762k.jpg?resize=782%2C295&#038;ssl=1\" alt=\"The Comedy_TribecaOutputv1_197762k\" data-recalc-dims=\"1\" \/><\/a><\/div><div class=\"su-carousel-slide\"><a href=\"https:\/\/i0.wp.com\/www.bildstoerung.tv\/blog\/wp-content\/uploads\/2016\/07\/The-Comedy_TribecaOutputv1_211763k.jpg?ssl=1\" title=\"The Comedy_TribecaOutputv1_211763k\"><img decoding=\"async\" src=\"https:\/\/i0.wp.com\/www.bildstoerung.tv\/blog\/wp-content\/uploads\/2016\/07\/The-Comedy_TribecaOutputv1_211763k.jpg?resize=782%2C295&#038;ssl=1\" alt=\"The Comedy_TribecaOutputv1_211763k\" data-recalc-dims=\"1\" \/><\/a><\/div><\/div><div class=\"su-carousel-nav\"><div class=\"su-carousel-direction\"><span class=\"su-carousel-prev\"><\/span><span class=\"su-carousel-next\"><\/span><\/div><div class=\"su-carousel-pagination\"><\/div><\/div><\/div>\n&nbsp;<\/p>\n","protected":false},"excerpt":{"rendered":"<p>AB 29. M\u00e4rz auf DVD &#038; Blu-ray! Wir freuen uns [&hellip;]<\/p>\n","protected":false},"author":1,"featured_media":0,"parent":49,"menu_order":0,"comment_status":"closed","ping_status":"open","template":"","meta":{"om_disable_all_campaigns":false,"sfsi_plus_gutenberg_text_before_share":"","sfsi_plus_gutenberg_show_text_before_share":"","sfsi_plus_gutenberg_icon_type":"","sfsi_plus_gutenberg_icon_alignemt":"","sfsi_plus_gutenburg_max_per_row":"","_uf_show_specific_survey":0,"_uf_disable_surveys":false,"jetpack_post_was_ever_published":false,"footnotes":""},"class_list":["post-1254","page","type-page","status-publish","hentry"],"aioseo_notices":[],"jetpack_sharing_enabled":true,"jetpack_shortlink":"https:\/\/wp.me\/P5YmIz-ke","jetpack-related-posts":[],"_links":{"self":[{"href":"https:\/\/www.bildstoerung.tv\/blog\/wp-json\/wp\/v2\/pages\/1254","targetHints":{"allow":["GET"]}}],"collection":[{"href":"https:\/\/www.bildstoerung.tv\/blog\/wp-json\/wp\/v2\/pages"}],"about":[{"href":"https:\/\/www.bildstoerung.tv\/blog\/wp-json\/wp\/v2\/types\/page"}],"author":[{"embeddable":true,"href":"https:\/\/www.bildstoerung.tv\/blog\/wp-json\/wp\/v2\/users\/1"}],"replies":[{"embeddable":true,"href":"https:\/\/www.bildstoerung.tv\/blog\/wp-json\/wp\/v2\/comments?post=1254"}],"version-history":[{"count":0,"href":"https:\/\/www.bildstoerung.tv\/blog\/wp-json\/wp\/v2\/pages\/1254\/revisions"}],"up":[{"embeddable":true,"href":"https:\/\/www.bildstoerung.tv\/blog\/wp-json\/wp\/v2\/pages\/49"}],"wp:attachment":[{"href":"https:\/\/www.bildstoerung.tv\/blog\/wp-json\/wp\/v2\/media?parent=1254"}],"curies":[{"name":"wp","href":"https:\/\/api.w.org\/{rel}","templated":true}]}}